63?
False
Is 426 a multiple of 48?
False
Does 8 divide 426?
False
Is 129 a factor of 3408?
False
Is 6021 a multiple of 4?
False
Is 434 a multiple of 38?
False
Does 126 divide 3096?
False
Does 6 divide 1458?
True
Is 4 a factor of 2005?
False
Does 102 divide 5508?
True
Does 12 divide 2148?
True
Is 1274 a multiple of 26?
True
Does 17 divide 12699?
True
Does 13 divide 14001?
True
Does 8 divide 23960?
True
Does 25 divide 8650?
True
Is 3250 a multiple of 65?
True
Does 18 divide 1512?
True
Does 2 divide 24?
True
Is 52452 a multiple of 31?
True
Is 34 a factor of 555?
False
Is 672 a multiple of 32?
True
Does 110 divide 1278?
False
Is 88 a factor of 19663?
False
Is 10 a factor of 690?
True
Is 18 a factor of 7074?
True
Is 13 a factor of 8055?
False
Is 82 a factor of 1000?
False
Is 183 a factor of 86742?
True
Is 105 a factor of 5565?
True
Is 1747 a multiple of 10?
False
Is 60 a factor of 867?
False
Is 7 a factor of 581?
True
Is 432 a factor of 81648?
True
Is 22 a factor of 18392?
True
Does 9 divide 3723?
False
Is 16786 a multiple of 7?
True
Is 1078 a multiple of 3?
False
Does 10 divide 35780?
True
Is 17 a factor of 595?
True
Is 33 a factor of 1155?
True
Does 28 divide 3724?
True
Is 15 a factor of 4635?
True
Is 35 a factor of 19005?
True
Is 42 a factor of 336?
True
Is 7 a factor of 1449?
True
Does 13 divide 2384?
False
Is 732 a multiple of 61?
True
Is 202 a multiple of 129?
False
Is 43 a factor of 2279?
True
Is 6462 a multiple of 23?
False
Does 65 divide 1040?
True
Does 61 divide 37755?
False
Is 43 a factor of 172?
True
Does 28 divide 5347?
False
Is 44 a factor of 5852?
True
Is 18 a factor of 1608?
False
Is 15 a factor of 4781?
False
Does 40 divide 53766?
False
Is 37 a factor of 851?
True
Is 71 a factor of 17866?
False
Is 16 a factor of 3408?
True
Is 10513 a multiple of 5?
False
Is 14241 a multiple of 141?
True
Does 39 divide 3393?
True
Does 11 divide 1395?
False
Is 192 a multiple of 9?
False
Does 27 divide 845?
False
Is 55 a factor of 1342?
False
Is 11953 a multiple of 60?
False
Is 11 a factor of 2106?
False
Is 23 a factor of 207?
True
Does 76 divide 6308?
True
Does 121 divide 20053?
False
Does 37 divide 888?
True
Does 18 divide 91926?
True
Does 10 divide 1967?
False
Is 170 a multiple of 2?
True
Does 16 divide 143?
False
Does 16 divide 20397?
False
Is 75 a factor of 1030?
False
Does 57 divide 1146?
False
Does 23 divide 46?
True
Is 65 a factor of 1875?
False
Is 10 a factor of 1484?
False
Is 38 a factor of 40546?
True
Does 6 divide 3418?
False
Does 27 divide 41040?
True
Is 27 a factor of 1216?
False
Does 8 divide 7904?
True
Is 141 even?
False
Is 57 a factor of 12312?
True
Does 22 divide 1459?
False
Is 5 a factor of 14734?
False
Does 14 divide 3304?
True
Does 21 divide 3520?
False
Does 4 divide 1512?
True
Does 81 divide 602?
False
Is 1095 a multiple of 15?
True
Does 5 divide 350?
True
Does 108 divide 61144?
False
Is 16 a factor of 26320?
True
Does 10 divide 16520?
True
Does 34 divide 8840?
True
Does 9 divide 11592?
True
Is 47 a factor of 1269?
True
Is 9350 a multiple of 50?
True
Is 655 a multiple of 7?
False
Is 10680 a multiple of 30?
True
Is 33 a factor of 17833?
False
Does 60 divide 46963?
False
Does 108 divide 160164?
True
Does 7 divide 113?
False
Is 13 a factor of 897?
True
Is 19 a factor of 509?
False
Is 18 a factor of 9396?
True
Is 9 a factor of 492?
False
Does 35 divide 573?
False
Is 59 a factor of 1711?
True
Is 17 a factor of 1255?
False
Is 15 a factor of 1007?
False
Does 8 divide 40?
True
Is 7856 a multiple of 3?
False
Is 19 a factor of 95?
True
Is 81 a factor of 72252?
True
Is 82 a factor of 82?
True
Is 74 a factor of 148?
True
Does 4 divide 2008?
True
Does 4 divide 668?
True
Is 11657 a multiple of 17?
False
Is 24048 a multiple of 153?
False
Is 619 a multiple of 17?
False
Is 100 a factor of 2154?
False
Is 115 a factor of 34563?
False
Does 6 divide 14?
False
Is 266 a multiple of 14?
True
Does 60 divide 26682?
False
Is 252 a multiple of 21?
True
Is 2524 a multiple of 54?
False
Is 10 a factor of 463?
False
Is 29 a factor of 10116?
False
Does 16 divide 450?
False
Is 4 a factor of 15?
False
Is 861 a multiple of 45?
False
Is 47 a factor of 17249?
True
Is 1638 a multiple of 117?
True
Is 768 a multiple of 12?
True
Is 125 a factor of 64500?
True
Is 8258 a multiple of 30?
False
Is 45 a factor of 47088?
False
Is 2477 a multiple of 2?
False
Is 5271 a multiple of 21?
True
Does 12 divide 3672?
True
Does 63 divide 441?
True
Does 13 divide 1885?
True
Does 11 divide 2124?
False
Is 66 a factor of 528?
True
Does 15 divide 13149?
False
Is 44 a factor of 148934?
False
Is 15 a factor of 3971?
False
Is 22616 a multiple of 29?
False
Does 7 divide 77?
True
Does 66 divide 71964?
False
Does 13 divide 299?
True
Does 67 divide 22713?
True
Does 16 divide 5258?
False
Is 70 a factor of 25163?
False
Is 1536 a multiple of 12?
True
Is 16 a factor of 1357?
False
Does 11 divide 5528?
False
Is 463 even?
False
Is 3 a factor of 58?
False
Is 22 a factor of 15270?
False
Is 129 a factor of 438?
False
Does 12 divide 14?
False
Is 11717 a multiple of 43?
False
Does 134 divide 6968?
True
Is 16110 a multiple of 9?
True
Does 63 divide 56763?
True
Does 3 divide 4238?
False
Is 21 a factor of 169?
False
Does 52 divide 3411?
False
Is 14 a factor of 3464?
False
Does 8 divide 21668?
False
Does 72 divide 2016?
True
Does 36 divide 17414?
False
Is 3 a factor of 171?
True
Does 5 divide 385?
True
Is 32514 a multiple of 59?
False
Does 13 divide 2442?
False
Is 666 a multiple of 37?
True
Does 211 divide 54238?
False
Is 15 a factor of 29760?
True
Is 171822 a multiple of 14?
True
Is 15 a factor of 923?
False
Is 1615 a multiple of 11?
False
Is 6251 a multiple of 133?
True
Does 14 divide 168?
True
Does 186 divide 1488?
True
Does 19 divide 1655?
False
Is 2 a factor of 1170?
True
Does 3 divide 750?
True
Is 961 a multiple of 31?
True
Does 71 divide 1278?
True
Is 6 a factor of 342?
True
Is 1284 a multiple of 12?
True
Does 17 divide 27774?
False
Does 27 divide 459?
True
Is 18 a factor of 828?
True
Is 15328 a multiple of 11?
False
Is 7 a factor of 67396?
True
Is 24 a factor of 24984?
True
Does 3 divide 630?
True
Is 11 a factor of 284?
False
Is 49200 a multiple of 25?
True
Does 151 divide 16459?
True
Does 12 divide 37932?
True
Is 1349 a multiple of 19?
True
Is 1717 a multiple of 6?
False
Is 5 a factor of 275?
True
Does 6 divide 228?
True
Is 3 a factor of 11433?
True
Is 22 a factor of 11066?
True
Is 24 a factor of 69?
False
Is 16 a factor of 66048?
True
Is 11529 a multiple of 21?
True
Is 456 a multiple of 4?
True
Does 17 divide 143?
False
Does 10 divide 330?
True
Is 2911 a multiple of 16?
False
Does 38 divide 20965?
False
Does 13 divide 403?
True
Is 19811 a multiple of 24?
False
Is 8 a factor of 5736?
True
Does 44 divide 2377?
False
Does 5 divide 123?
False
Is 6 a factor of 774?
True
Is 51 a factor of 99789?
False
Is 47389 a multiple of 15?
False
Does 121 divide 2299?
True
Is 189 a factor of 29862?
True
Does 11 divide 3923?
False
Does 23 divide 513?
False
Does 21 divide 6825?
True
Is 1194 a multiple of 39?
False
Does 20 divide 613?
False
Is 2141 a multiple of 7?
False
Is 149328 a multiple of 17?
True
Does 27 divide 1695?
False
Is 189 a multiple of 21?
True
Does 12 divide 552?
True
Is 18 a factor of 585?
False
Does 3 divide 697?
False
Is 182 even?
True
Does 119 divide 45546?
False
Is 5868 a multiple of 21?
False
Does 21 divide 4494?
True
Is 630 a multiple of 14?
True
Is 12 a factor of 7728?
True
Is 10237 a multiple of 24?
False
Does 57 divide 4218?
True
Does 23 divide 80369?
False
Is 13 a factor of 30328?
False
Is 32 a factor of 17587?
False
Is 60 a factor of 11205?
False
Does 31 divide 951?
False
Does 9 divide 6876?
True
Is 22 a factor of 528?
True
Is 84 a factor of 37044?
True
Is 12276 a multiple of 31?
True
Is 504 a multiple of 42?
True
Does 16 divide 28?
False
Is 41 a factor of 42?
False
Is 292 a multiple of 73?
True
Is 24 a factor of 528?
True
Does 38 divide 1202?
False
Is 120 a multiple of 24?
True
Is 10368 a multiple of 71?
False
Does 58 divide 14558?
True
Does 11 divide 3200?
False
Is 13 a factor of 1982?
False
Does 104 divide 1976?
True
Is 1893 a multiple of 9?
False
Is 23 a factor of 1357?
True
Does 80 divide 17060?
False
Is 42 a factor of 4914?
True
Is 115710 a multiple of 35?
True
Does 41 divide 374?
False